{"id":30,"date":"2024-09-25T16:02:54","date_gmt":"2024-09-25T14:02:54","guid":{"rendered":"https:\/\/centrodonazionecorpo.unibs.it\/?page_id=30"},"modified":"2024-12-06T08:30:46","modified_gmt":"2024-12-06T07:30:46","slug":"home","status":"publish","type":"page","link":"https:\/\/centrodonazionecorpo.unibs.it\/","title":{"rendered":"Home"},"content":{"rendered":"\n<h2 class=\"wp-block-heading\">Centro Donazione Corpo<\/h2>\n\n\n\n<div class=\"wp-block-columns is-layout-flex wp-container-core-columns-is-layout-9d6595d7 wp-block-columns-is-layout-flex\">\n<div class=\"wp-block-column is-layout-flow wp-block-column-is-layout-flow\" style=\"flex-basis:33.33%\">\n<p class=\"has-text-align-left\">Il centro di riferimento per la conservazione e l\u2019utilizzazione dei corpi dei defunti (Settorato Anatomico Luigi Fabrizio Rodella dell\u2019Universit\u00e0 di Brescia, afferente al Dipartimento di Scienze Cliniche e Sperimentali) \u00e8 ubicato negli spazi della Facolt\u00e0 di Medicina e Chirurgia in Viale Europa, 11, Brescia. La comunicazione del riconoscimento, da parte del Ministero, \u00e8 avvenuta nel novembre 2021.<\/p>\n<\/div>\n\n\n\n<div class=\"wp-block-column is-layout-flow wp-block-column-is-layout-flow\" style=\"flex-basis:66.66%\">\n<figure class=\"wp-block-image size-large\"><img fetchpriority=\"high\" decoding=\"async\" width=\"1024\" height=\"771\" src=\"https:\/\/centrodonazionecorpo.unibs.it\/wp-content\/uploads\/2024\/10\/rembrandt-de-anatomische-les-van-dr-nicolaes-tulp-mh146-mauritshuis-1024x771.jpeg\" alt=\"\" class=\"wp-image-69\" srcset=\"https:\/\/centrodonazionecorpo.unibs.it\/wp-content\/uploads\/2024\/10\/rembrandt-de-anatomische-les-van-dr-nicolaes-tulp-mh146-mauritshuis-1024x771.jpeg 1024w, https:\/\/centrodonazionecorpo.unibs.it\/wp-content\/uploads\/2024\/10\/rembrandt-de-anatomische-les-van-dr-nicolaes-tulp-mh146-mauritshuis-300x226.jpeg 300w, https:\/\/centrodonazionecorpo.unibs.it\/wp-content\/uploads\/2024\/10\/rembrandt-de-anatomische-les-van-dr-nicolaes-tulp-mh146-mauritshuis-768x579.jpeg 768w, https:\/\/centrodonazionecorpo.unibs.it\/wp-content\/uploads\/2024\/10\/rembrandt-de-anatomische-les-van-dr-nicolaes-tulp-mh146-mauritshuis.jpeg 1200w\" sizes=\"(max-width: 1024px) 100vw, 1024px\" \/><\/figure>\n<\/div>\n<\/div>\n\n\n\n<div style=\"height:48px\" aria-hidden=\"true\" class=\"wp-block-spacer\"><\/div>\n\n\n\n<div class=\"wp-block-buttons is-layout-flex wp-block-buttons-is-layout-flex\"><\/div>\n\n\n\n<div style=\"height:129px\" aria-hidden=\"true\" class=\"wp-block-spacer\"><\/div>\n\n\n\n<p><\/p>\n","protected":false},"excerpt":{"rendered":"<p>Centro Donazione Corpo Il centro di riferimento per la conservazione e l\u2019utilizzazione dei corpi dei defunti (Settorato Anatomico Luigi Fabrizio Rodella dell\u2019Universit\u00e0 di Brescia, afferente al Dipartimento di Scienze Cliniche e Sperimentali) \u00e8 ubicato negli spazi della Facolt\u00e0 di Medicina e Chirurgia in Viale Europa, 11, Brescia. La comunicazione del riconoscimento, da parte del Ministero, [&hellip;]<\/p>\n","protected":false},"author":1,"featured_media":0,"parent":0,"menu_order":0,"comment_status":"closed","ping_status":"closed","template":"elementor_theme","meta":{"footnotes":""},"class_list":["post-30","page","type-page","status-publish","hentry"],"_links":{"self":[{"href":"https:\/\/centrodonazionecorpo.unibs.it\/index.php\/wp-json\/wp\/v2\/pages\/30","targetHints":{"allow":["GET"]}}],"collection":[{"href":"https:\/\/centrodonazionecorpo.unibs.it\/index.php\/wp-json\/wp\/v2\/pages"}],"about":[{"href":"https:\/\/centrodonazionecorpo.unibs.it\/index.php\/wp-json\/wp\/v2\/types\/page"}],"author":[{"embeddable":true,"href":"https:\/\/centrodonazionecorpo.unibs.it\/index.php\/wp-json\/wp\/v2\/users\/1"}],"replies":[{"embeddable":true,"href":"https:\/\/centrodonazionecorpo.unibs.it\/index.php\/wp-json\/wp\/v2\/comments?post=30"}],"version-history":[{"count":48,"href":"https:\/\/centrodonazionecorpo.unibs.it\/index.php\/wp-json\/wp\/v2\/pages\/30\/revisions"}],"predecessor-version":[{"id":266,"href":"https:\/\/centrodonazionecorpo.unibs.it\/index.php\/wp-json\/wp\/v2\/pages\/30\/revisions\/266"}],"wp:attachment":[{"href":"https:\/\/centrodonazionecorpo.unibs.it\/index.php\/wp-json\/wp\/v2\/media?parent=30"}],"curies":[{"name":"wp","href":"https:\/\/api.w.org\/{rel}","templated":true}]}}